6
What is the thousands digit of 376940261?
0
What is the tens digit of 53508224?
2
What is the hundred thousands digit of 5208466280?
4
What is the millions digit of 281319157?
1
What is the billions digit of 2477862745?
2
What is the ten millions digit of 3166489664?
6
What is the thousands digit of 4479244382?
4
What is the thousands digit of 1196753525?
3
What is the ten thousands digit of 262196140?
9
What is the hundred millions digit of 4491425659?
4
What is the billions digit of 1390841940?
1
What is the units digit of 2510936809?
9
What is the hundred millions digit of 500283782?
5
What is the hundreds digit of 6315267?
2
What is the units digit of 628507761?
1
What is the millions digit of 711239000?
1
What is the billions digit of 3501777509?
3
What is the hundred thousands digit of 84731180?
7
What is the units digit of 111021482?
2
What is the thousands digit of 1390983?
0
What is the millions digit of 712115327?
2
What is the thousands digit of 313092103?
2
What is the thousands digit of 228657144?
7
What is the hundreds digit of 34288636?
6
What is the units digit of 381671765?
5
What is the millions digit of 425904225?
5
What is the thousands digit of 21917436?
7
What is the tens digit of 191721328?
2
What is the billions digit of 3652026626?
3
What is the hundreds digit of 1689079207?
2
What is the thousands digit of 174819381?
9
What is the ten thousands digit of 17538270?
3
What is the ten millions digit of 13895600?
1
What is the thousands digit of 338137373?
7
What is the hundreds digit of 3579544?
5
What is the tens digit of 5596507462?
6
What is the thousands digit of 198381748?
1
What is the millions digit of 41511925?
1
What is the hundred thousands digit of 548577532?
5
What is the ten thousands digit of 81741219?
4
What is the tens digit of 33360968?
6
What is the hundred millions digit of 185767750?
1
What is the millions digit of 894897498?
4
What is the thousands digit of 79253523?
3
What is the ten millions digit of 102717529?
0
What is the millions digit of 1192295384?
2
What is the millions digit of 151218632?
1
What is the tens digit of 110771013?
1
What is the billions digit of 1230944133?
1
What is the hundreds digit of 1535068578?
5
What is the millions digit of 68120503?
8
What is the hundred thousands digit of 60164250?
1
What is the ten millions digit of 45237771?
4
What is the hundred millions digit of 731408878?
7
What is the tens digit of 17048890?
9
What is the hundred millions digit of 156311403?
1
What is the ten thousands digit of 694907799?
0
What is the ten millions digit of 385140238?
8
What is the hundred thousands digit of 45505842?
5
What is the thousands digit of 62957715?
7
What is the ten thousands digit of 664904938?
0
What is the ten thousands digit of 34027725?
2
What is the units digit of 803260808?
8
What is the tens digit of 467300385?
8
What is the ten thousands digit of 24565236?
6
What is the hundreds digit of 281854628?
6
What is the ten millions digit of 15608546?
1
What is the hundred millions digit of 212451197?
2
What is the tens digit of 67649222?
2
What is the units digit of 142150587?
7
What is the units digit of 434883870?
0
What is the hundred millions digit of 402086572?
4
What is the units digit of 4802960985?
5
What is the tens digit of 871753266?
6
What is the hundred millions digit of 142058856?
1
What is the hundreds digit of 113983840?
8
What is the hundred thousands digit of 2958587?
9
What is the units digit of 16640054?
4
What is the hundreds digit of 357771659?
6
What is the thousands digit of 1676071656?
1
What is the units digit of 1375238861?
1
What is the ten thousands digit of 4182377065?
7
What is the billions digit of 5889936890?
5
What is the thousands digit of 3463056730?
6
What is the hundred millions digit of 854373216?
8
What is the millions digit of 627387233?
7
What is the millions digit of 4265803?
4
What is the ten thousands digit of 31616683?
1
What is the thousands digit of 124480724?
0
What is the hundred thousands digit of 37023084?
0
What is the ten thousands digit of 4992202235?
0
What is the ten millions digit of 2069943069?
6
What is the hundred millions digit of 3418726709?
4
What is the tens digit of 1512502662?
6
What is the units digit of 176933360?
0
What is the hundred millions digit of 306585054?
3
What is the tens digit of 447753149?
4
What is the units digit of 720470735?
5
What is the millions digit of 581190072?
1
What is the ten thousands digit of 28690355?
9
What is the units digit of 80394829?
9
What is the hundreds digit of 103199076?
0
What is the hundred thousands digit of 438363239?
3
What is the hundred millions digit of 2056472180?
0
What is the ten millions digit of 2272284560?
7
What is the hundred thousands digit of 1870263842?
2
What is the ten millions digit of 16041625?
1
What is the units digit of 1978170259?
9
What is the hundred thousands digit of 214313682?
3
What is the tens digit of 403670200?
0
What is the hundreds digit of 69820752?
7
What is the hundreds digit of 3844125536?
5
What is the units digit of 25421309?
9
What is the hundreds digit of 318716870?
8
What is the hundred thousands digit of 53258729?
2
What is the millions digit of 105325170?
5
What is the units digit of 394306833?
3
What is the units digit of 792055409?
9
What is the ten thousands digit of 3222555337?
5
What is the hundred thousands digit of 80395812?
3
What is the hundred thousands digit of 236719009?
7
What is the units digit of 822932682?
2
What is the hundred millions digit of 237994355?
2
What is the hundreds digit of 1666490?
4
What is the ten millions digit of 1793810549?
9
What is the hundred thousands digit of 152367847?
3
What is the tens digit of 31173767?
6
What is the thousands digit of 146758329?
8
What is the millions digit of 167961764?
7
What is the tens digit of 592774076?
7
What is the tens digit of 4805056215?
1
What is the hundreds digit of 6151283878?
8
What is the millions digit of 113734937?
3
What is the tens digit of 520887964?
6
What is the thousands digit of 272429336?
9
What is the ten millions digit of 57821200?
5
What is the hundred millions digit of 493916006?
4
What is the hundred millions digit of 106234642?
1
What is the tens digit of 64221355?
5
What is the millions digit of 1557452406?
7
What is the hundred thousands digit of 1798243937?
2
What is the ten millions digit of 2611358404?
1
What is the millions digit of 1070469960?
0
What is the units digit of 189037350?
0
What is the hundred millions digit of 743265527?
7
What is the ten millions digit of 313450946?
1
What is the hundred thousands digit of 64858964?
8
What is the hundred thousands digit of 3187304428?
3
What is the tens digit of 108907885?
8
What is the units digit of 129270022?
2
What is the tens digit of 91158608?
0
What is the units digit of 5069408252?
2
What is the thousands digit of 3205555783?
5
What is the units digit of 1051084211?
1
What is the hundreds digit of 46500000?
0
What is the hundred thousands digit of 76135096?
1
What is the hundred thousands digit of 1337817960?
8
What is the hundred millions digit of 2086506414?
0
What is the hundred millions digit of 1329446574?
3
What is the units digit of 252731972?
2
What is the units digit of 90971556?
6
What is the hundreds digit of 73636910?
9
What is the ten millions digit of 455369580?
5
What is the hundreds digit of 1161383200?
2
What is the units digit of 194415372?
2
What is the ten millions digit of 81402127?
8
What is the units digit of 5964286876?
6
What is the thousands digit of 252997573?
7
What is the ten thousands digit of 1305626731?
2
What is the thousands digit of 83379841?
9
What is the millions digit of 6161095913?
1
What is the billions digit of 4226184913?
4
What is the units digit of 42719623?
3
What is the hundreds digit of 1929177791?
7
What is the hundreds digit of 492626783?
7
What is the ten thousands digit of 84228223?
2
What is the ten millions digit of 190879080?
9
What is the tens digit of 425302764?
6
What is the billions digit of 1248889600?
1
What is the millions digit of 175305359?
5
What is the units digit of 381798978?
8
What is the tens digit of 39966778?
7
What is the hundred thousands digit of 42510229?
5
What is the tens d